 + w**2/2 + 2*w - 2. Let s be p(-4). Suppose -5*q + s = -3*q. Is q a composite number?
False
Let l(b) = 2*b**3 + 12*b**2 + 15*b + 19. Is l(12) composite?
True
Suppose 13*u - 3*u = 45070. Is u composite?
False
Let p(f) = -f**2 + 8*f - 10. Let n be p(7). Is (-3)/n - 3*-236 a prime number?
True
Suppose -4*y + 7204 = -9304. Is y composite?
False
Let r be (24/30)/((-1)/(-5)). Let v(l) = l**3 - 5*l**2 + 3*l + 4. Let f be v(r). Is 36 + -1 + f + 2 a prime number?
True
Let b = 3476 + -2360. Let k = -737 + b. Is k a prime number?
True
Let x(s) = -9*s - 12*s + 9*s + 7. Is x(-5) a prime number?
True
Is (-1 - -1*2)/((-2)/(-388)) a composite number?
True
Let u(p) = p**3 - p**2 - 4*p - 4. Let d be u(5). Let x = d - 43. Is x a prime number?
False
Suppose 0 = 4*i - 5*l + 71, -2*l - 12 = 2*i + 10. Let t = i + 103. Is t a composite number?
False
Let u(c) = c - 337. Let a be u(0). Let n = a - -949. Is 3/6 - n/(-8) composite?
True
Let g(u) = -179*u. Let y be g(-1). Let v = y - 112. Is v a prime number?
True
Is 133 - 5/((-20)/(-8)) prime?
True
Let x be (-5)/3*3/(-1). Let c(l) = 19*l - 1 - 12*l - x. Is c(4) a composite number?
True
Let j(l) = l**3 - 11*l**2 + 11*l - 6. Let k be j(10). Let x be ((-18)/4)/((-2)/k). Let t(m) = 5*m + 10. Is t(x) prime?
False
Suppose -133 = 2*z - 49. Let m = -39 + z. Let q = m + 139. Is q a prime number?
False
Let w be (-18)/(-6)*2/3. Suppose i + 195 = 6*i + w*r, 4*r = 4*i - 128. Is i a composite number?
False
Let w(x) = x**2 - 5*x - 4. Let d be w(8). Let q be ((-21)/(-4))/(5/d). Suppose 5*k - 83 = 3*c + q, -72 = -3*k + 5*c. Is k a prime number?
True
Suppose 7*c = 2041 + 7626. Is c composite?
False
Let h(z) = -14*z**3. Let d be h(-2). Suppose -5*c + 455 = -4*n, 3*c - 4*c + d = -5*n. Is c a composite number?
True
Suppose 4*q = -0*q + 212. Is q prime?
True
Let c = -939 + 3272. Is c prime?
True
Let m(c) be the second derivative of -5*c**3/2 + 2*c**2 - 5*c. Let h = 5 - 8. Is m(h) prime?
False
Let r(i) = -i**3 + 7*i**2 - i + 1. Let x = -28 - -12. Let k = 22 + x. Is r(k) a prime number?
True
Let h be (-708)/(-10) + 3/15. Suppose 4*m - h = 69. Is m a prime number?
False
Let i(j) = j**2 - 3*j - 10. Let b be i(-9). Suppose 0*y + 2*y - b = 0. Is y prime?
False
Let l(f) = -f**3 - 8*f**2 - 10*f + 20. Is l(-11) a composite number?
True
Let q(u) = -94*u + 1. Is q(-1) prime?
False
Let s = 4708 + -2949. Is s prime?
True
Suppose p = -r + 2338, 25 = -0*r + 5*r. Is p prime?
True
Is 286 - (2 - (6 + -3)) composite?
True
Suppose -3*a = -0*k - 2*k - 83, -171 = 4*k - a. Let p = k + 77. Is p a prime number?
False
Let l be (40/10)/((-1)/(-6)). Suppose y = 2*g - 106 - 19, 308 = 5*g - y. Let t = g - l. Is t composite?
False
Suppose -1 = -p - 3, 2*x = 3*p + 58. Is x/4*(-5 - -9) composite?
True
Let v(i) = i**2 - i + 14. Let h(q) = q**3 + 6*q**2 + 3*q. Let x be h(-5). Let g be v(x). Suppose -4*t - d + g = 0, d = 6*d. Is t prime?
False
Suppose -108 = -2*p + 30. Suppose -4*y = -y - p. Is y composite?
False
Let p(v) = v - 4*v**2 + 9*v**2 + v**3 - 2*v**3. Let o be p(5). Suppose 4*u - n = -0*n + 86, o*n + 31 = u. Is u composite?
True
Is (13 - 14)*(1 - 248) composite?
True
Let x = 6 - 3. Suppose -6*i + 4 = -2*i + 4*f, x*i - 4*f - 38 = 0. Is 8 - (i/3)/2 a composite number?
False
Let s(l) = -l**3 - 8*l**2 + 9. Let j = -14 - -6. Is s(j) prime?
False
Suppose -10 = -7*f + 2*f. Let s = 17 + f. Is s composite?
False
Suppose 0 = 4*l - 7*l + 201. Is l prime?
True
Let b(f) = -55*f + 1. Let n be b(8). Let l = -248 - n. Is l a prime number?
True
Suppose 0 = -2*h + 5*m + 2257, -h - 2*h - 2*m = -3433. Is h composite?
True
Suppose 4*y - y - 171 = 0. Is y a prime number?
False
Suppose 2*t + 9 = 203. Is t prime?
True
Let c = 1104 - 625. Is c a prime number?
True
Suppose 2*h + 6*l - 5*l = 3946, -3*h - 3*l = -5919. Is h composite?
False
Suppose 0 = -5*c - 5*z + 365, 3*c - 293 = -c - 3*z. Is c composite?
True
Let f(a) = 106*a + 2. Let q be f(1). Suppose q = -d + 497. Is d a prime number?
True
Suppose 74*q - 71*q = 1479. Is q composite?
True
Suppose 345 = k + 2*c, 722 = 7*k - 5*k - 4*c. Is k composite?
False
Let w = 82 - -49. Is w a prime number?
True
Let y be (-2 - 0)*-1 - -3. Is y/(-15)*(-1422)/2 a prime number?
False
Let n(m) = 24*m + 7. Is n(16) composite?
True
Let j = -15 + 27. Suppose 3*p = 7*p - j. Suppose 5*i + w - 263 = 2*i, -p*i + 4*w = -283. Is i a composite number?
False
Let o be (-1 - (-34)/2) + 1. Suppose -2*p + o - 63 = 0. Let b = -4 - p. Is b prime?
True
Let s = 8 - 5. Suppose h = c - 2*c + 192, -4*c = s*h - 767. Is c a prime number?
True
Suppose 0 = -3*v - 3, -2*z = -4*z + 5*v + 69. Let u be 2/5 - z/5. Is -59*(-3)/u*-2 a composite number?
False
Let d be (-1 - -3)*30/(-4). Let h = d - 8. Let c = h + 90. Is c a composite number?
False
Let j be (-5 - 1)*2/(-4). Is 15/5*541/j a composite number?
False
Let c = 4 - 4. Suppose 0 = -3*k - c*k - 6, 179 = 5*x - 2*k. Is x composite?
True
Suppose -148 = -3*g + t, 4*t + 0*t = -2*g + 94. Is g prime?
False
Let y = -4 - -7. Suppose 0 = -3*x + y*s + 81, 0 = 3*s - 0 + 15. Is x a prime number?
False
Let p(q) = -15*q**3 - 2*q**2 - 2*q - 1. Let g be p(-3). Suppose -5*k - 423 = 62. Let x = k + g. Is x a prime number?
False
Let i(x) = -38*x - 1. Let v = 4 + -6. Let r(b) = 153*b + 4. Let f(p) = v*r(p) - 9*i(p). Is f(1) composite?
False
Suppose 0 = -75*w + 77*w - 2354. Is w a composite number?
True
Suppose 2 = t - 3*t. Let b = t + 3. Suppose b*i - 14 = 4. Is i prime?
False
Let l(d) = -8*d**2 + 26. Let g(z) = 3*z**2 - 9. Let m(i) = 11*g(i) + 4*l(i). Is m(-4) a prime number?
False
Let z(c) = 3*c**3 + 8*c**2 + 5*c - 5. Let l be z(-5). Let t be 2 + (-3 - (-2 - -337)). Let n = l - t. Is n a prime number?
True
Let j be (-4)/(-10) - 1640/(-25). Let h = 103 - j. Is h prime?
True
Let r = -18 - -12. Let k be (-1)/(-1)*6/r. Is k - (-16 + -1 + 1) composite?
True
Suppose -3*w + 3 = 0, -6*x + 97 = -3*x - 2*w. Is x a prime number?
False
Let c(a) be the first derivative of a**4/2 - a**3/3 - 2*a**2 - 6*a - 7. Is c(5) prime?
True
Suppose 0 = 5*n - n - 8. Let g(w) = -2 - 2*w + 9*w**n + 2*w**2 + 1. Is g(2) prime?
False
Let f(a) = -9 - a + 9. Is f(-6) prime?
False
Let u = -97 - -208. Is u prime?
False
Is (-10)/30 - ((-4684)/3 + 0) composite?
True
Suppose -2*n = 4*o - 26, -n + 0*n = o - 9. Suppose -o*x + 2901 = -x. Is x prime?
True
Suppose -3*a + 125 = -130. Is a prime?
False
Let z = -6 + 8. Let q(m) = m**3 + m**2 - m - 2. Let f be q(z). Suppose -61 + f = -i. Is i prime?
True
Let y(x) = 15*x**2 + x - 9. Is y(-11) a prime number?
False
Let s be (-254)/(-8) + (-3)/(-12). Let m = -22 + s. Is m prime?
False
Suppose 100 = 2*w + 2*j, 0 = 4*w - 5*j + j - 224. Let l be 6 + -4 + (-2 - -2). Suppose -l*x + w = -x. Is x a prime number?
True
Suppose -4*v - 13 = -377. Is v composite?
True
Let o = -162 + 399. Is o composite?
True
Let o(b) = b - 6. Let v be o(9). Let k be (2 + -1)/(v/(-6)). Is -1 - k - (-36)/4 a composite number?
True
Let m(s) = 2*s**3 + 11*s**2 - 3*s**3 - 5 + 2*s + 6*s. Is m(6) prime?
True
Suppose 399 = 4*t + 51. Suppose c + c = y - t, 5*y - 2*c = 435. Is y prime?
False
Let a(c) = -32*c + 7*c - 1 + 0*c. Is a(-6) a composite number?
False
Is (5654/2)/(3 + -3 - -1) prime?
False
Suppose 7426 = 7*a + 125. Is a composite?
True
Let u be 177 + (-1)/1 + 0. Let y = 4 + u. Suppose 4*q + 3*f - 149 = -2*f, 5*q = -5*f + y. Is q a prime number?
True
Let i = 7540 - 4717. Is i a composite number?
True
Suppose 3*m = 2919 + 7560. Is m prime?
False
Suppose 4 = -2*i + 20. Let y = i - -65. Let m = 131 - y. Is m prime?
False
Suppose -7*d - 391 = -8*d. Is d composite?
True
Suppose 679 = 16*h - 9*h. Is h prime?
True
Let t(u) = -39*u**2 - 5*u - 3. Let k(c) = -c - 1. Let z(m) = 5*k(m) - t(m). Let l(j) = -20*j**2 + 1. Let b(n) = -5*l(n) - 2*z(n). Is b(1) composite?
True
Suppose 29*h + 1004 = 33*h. Is h prime?
True
Let l(m) = -m**2 - 3*m - 3. Let w(c) = -c - 3. Let x be w(-6). Let k be l(x). Is (k/(-6) - 0)*2 a composite number?
False
Suppose t - 1567 = -2*l, -4*l = -0*t + t - 1569. Is t prime?
False
Let a(j) = -j - 2. Let c be a(-7). Suppose -2*b = c*z - 42, -5*z + 2*z - 4*b = -28. Suppose -3*f - z = -245. Is f a prime number?
True
Let m(j) = -3*j - 2. Suppose -5*a - 24 = -a + k, 2*a - 4*k + 30 = 0. Is m(a) prime?
True
Let d be (4/6)/((-2)/(-6)). Suppose 0 = -5*o - 3*b - 5, 2*b = d*o - b + 2. 